 l = 6 + u. Calculate the greatest common factor of 30 and l.
6
Let c = 51 + -29. Suppose -5*w + 4*o + 5 = -0*w, w - 5*o = c. Let n(x) = 4*x**2 + x + 3. Let a be n(w). Calculate the highest common divisor of 9 and a.
9
Suppose 4*p - 2*r - 164 = -0*r, -p + 36 = 2*r. What is the greatest common divisor of 10 and p?
10
Suppose 2 = h - 3. Let j(b) = b**3 - b**2 - 4*b - 1. Let v be (12/(-10))/((-6)/15). Let s be j(v). What is the greatest common factor of h and s?
5
Let l be 1*(2/2 + 3). Suppose 2*b = 3*k + b - 61, 3*b + 73 = l*k. Suppose -2 = 4*z + 4*p - 10, 2*p = z - 2. What is the highest common factor of k and z?
2
Let d = -6 - -9. Suppose d*p - 108 - 126 = 0. Suppose 2*j - p = -j. What is the greatest common divisor of j and 13?
13
Let b = 394 - 391. Let t(y) = -y**3 + 9*y**2 - 10*y - 1. Suppose -3*d + 0*d = -21. Let i be t(d). What is the highest common divisor of i and b?
3
Let k be -3 - (-16)/(4/(-2)). Let p = 23 + k. What is the greatest common divisor of 84 and p?
12
Let t = 309 + -153. Calculate the highest common divisor of 13 and t.
13
Let d be -2*2/(-8)*-10. Let l be 2 - 2 - (2 + d). Suppose 7*x = l*x + 36. What is the greatest common divisor of 3 and x?
3
Suppose -6*d + 2*d = 0. Let q(j) = -j**3 + j**2 - j - 4. Let n be q(d). Let k = 28 + n. What is the highest common factor of 3 and k?
3
Let c = -79 + 101. Calculate the greatest common factor of 33 and c.
11
Let c = 30 + 47. What is the highest common factor of 7 and c?
7
Let y be -2 + -11*(2 + -13). Calculate the greatest common divisor of 17 and y.
17
Let j be 82/(-4) - 3/(-6). Let d = j + 33. Suppose 2 - d = -m. Calculate the greatest common divisor of 44 and m.
11
Let j(o) = o**2 - 4*o - 2. Let u = 5 - -2. Let l be j(u). What is the greatest common divisor of l and 19?
19
Let i(d) = -3*d**3 - 4*d**2 + d + 3. Let a be i(-3). Let n be 0 + 1/3 - (-962)/111. What is the highest common factor of a and n?
9
Suppose -7*i + 2*i - 352 = -4*v, -5*v + i + 440 = 0. What is the greatest common divisor of v and 11?
11
Suppose 0 = t - 2*t + 40. Suppose -3*o + t = 2*o. Suppose 3*g - 24 = 72. Calculate the highest common divisor of o and g.
8
Let f = -8 + 11. Suppose -f*o + 45 = -0*o. What is the greatest common factor of 165 and o?
15
Suppose 6 = -3*f, 3 + 9 = -5*k - f. Let a be 1 - (-5 - (-1 - k)). Let m(b) = b**2 + 3*b - 5. Let z be m(a). What is the highest common factor of 13 and z?
13
Let n = -1 + 3. Suppose n*z + 2*o - 24 = 0, 0 = 3*z - 5*o + 7 - 3. What is the greatest common factor of 7 and z?
7
Let f(p) = p**3 - 7*p**2 + p - 6. Let h be f(7). Let r be (h + 0)/((-2)/(-12)). Let i be 3/9 + 175/15. Calculate the highest common factor of r and i.
6
Suppose 3*i + 2 - 14 = 0. Suppose 4*a = 12 - i. Let u be 2 + (a - -17)*1. Calculate the highest common factor of u and 3.
3
Let z be ((-15)/(-2) - 0) + (-309)/(-206). What is the greatest common factor of z and 6?
3
Let j be (-4)/(-14) + 40/7. Let n = 9 - -3. Calculate the highest common factor of j and n.
6
Suppose 5*q + 15 = 0, -r - 3807 = -6*r + 4*q. What is the greatest common factor of 69 and r?
69
Let u = 53 - 37. Let w = u + -14. What is the highest common divisor of 2 and w?
2
Suppose -3*k = -5*r + 145, 0*k + k = -5*r + 165. Calculate the greatest common divisor of 80 and r.
16
Let x = -27 + 80. What is the highest common divisor of x and 371?
53
Let a(h) = h**3 - h**2 + 110. Let u be a(0). Suppose -j + 2*j - u = 0. Calculate the greatest common factor of 22 and j.
22
Let w be 3/(-6)*4 - -14. What is the greatest common divisor of 12 and w?
12
Suppose -3*x = 2 - 44. Let v(l) = 4*l**2 + 6*l + 2. Suppose -2*s - 9 + 1 = 0. Let u be v(s). What is the greatest common factor of x and u?
14
Let y(u) = -159*u**2 - 4*u + 1. Let t(a) = -158*a**2 - 3*a + 1. Let w(s) = -5*t(s) + 4*y(s). Let l be w(-1). What is the highest common divisor of l and 14?
14
Suppose 153 - 3 = 5*c. Let j = 30 - 10. Calculate the greatest common factor of c and j.
10
Suppose 5*u + 18 = 6*u. Calculate the highest common factor of u and 72.
18
Let m be -2*94/16*-4. Let c = m + -27. Calculate the highest common divisor of 80 and c.
20
Let u(y) = 3*y**2 - 2*y + 1. Let d be (4/12)/(2/18). Let n be u(d). What is the highest common factor of n and 11?
11
Suppose -2*y + 4*b = -6 + 2, -12 = 3*b. Let i be (5 - 32)/(y/20). Calculate the highest common factor of i and 10.
10
Suppose 3*o - 3 = 9. Suppose -5*x = 2*k - 6*k - 20, k = -x + o. Suppose 4*c - 7 = -5*p + 2*c, x*p - 5 = -c. What is the highest common divisor of p and 2?
1
Let n(v) = v**3 + 3*v**2 + 2. Let z be n(-3). Let k be z/(0 + 2) - -3. Calculate the highest common divisor of 28 and k.
4
Let w = 27 - 19. Suppose 2*q - 18 = w. Let s = 29 - 16. Calculate the highest common factor of q and s.
13
Suppose -11*j = -9*j - 28. Let y be (-16)/(-4)*j + -2. Calculate the greatest common factor of 18 and y.
18
Let q(u) = u**3 + 3*u - 15*u**2 + 15 + 4*u**2 - 2*u. Let g be q(12). Calculate the greatest common divisor of g and 19.
19
Suppose z - 3*z + 42 = 0. Let c = 79 - 16. Calculate the highest common divisor of z and c.
21
Let d = 4 - -12. What is the greatest common factor of 16 and d?
16
Suppose -53 = -3*u + 4*q, 3*q - 13 = -3*u + 26. What is the highest common divisor of 165 and u?
15
Let r be 0 + 9/12 - (-754)/8. Suppose 10 = 2*m - 28. Calculate the highest common factor of r and m.
19
Let h(a) = -a**2 - 12*a - 7. Let m be h(-10). Calculate the highest common divisor of 143 and m.
13
Suppose 0*f = 2*f - 16. Let x be 18/(-4)*(-6)/9. Let k = 4 - x. What is the greatest common factor of k and f?
1
Suppose -31*t + 156 = -526. Let n be 0 + 4 - (-4)/(-2). Calculate the greatest common factor of t and n.
2
Let f(h) = -3 + 4 + 1 - 7*h - h. Let i be f(-3). Calculate the highest common divisor of 78 and i.
26
Let l(s) = 3*s - 6. Suppose 0 = -4*z - 4*j + 20, 2*z = j - 2 + 6. Let a be l(z). What is the greatest common factor of a and 27?
3
Suppose -3*a + 3*l = -156, -3*l + 220 = -0*a + 5*a. Let d = -22 + a. Calculate the greatest common divisor of d and 10.
5
Suppose -w + 4 - 3 = 0. Let g = 157 + -111. Let n be (-4)/14 - g/(-14). Calculate the highest common factor of w and n.
1
Let a be 4 - 0/(-1) - -7. Suppose 3 = 3*o - 0*o. Calculate the highest common divisor of o and a.
1
Let v be (-1)/(-2) - 39/(-12)*38. Calculate the greatest common factor of 31 and v.
31
Let w be (-87)/(-6) - 6/12. Calculate the greatest common divisor of w and 7.
7
Suppose 2*p - 3*k - 32 = -k, -p - 3*k + 4 = 0. Let f = -5 - -8. Suppose -3*j = w - j - 98, 0 = 4*w + f*j - 407. Calculate the highest common factor of p and w.
13
Let k = 13 - 4. Let w(t) = -t**2 + 5*t + 5. Let z be w(6). Let m be ((-24)/4)/(0 + z). What is the greatest common factor of k and m?
3
Suppose -13 = q - 52. What is the highest common divisor of 26 and q?
13
Let o = 20 - 17. What is the highest common factor of 15 and o?
3
Let z = 0 - -1. Let c = 3 + z. Let u(w) = -20*w. Let j be u(-1). What is the highest common divisor of j and c?
4
Let g(h) = -3*h - 19. Let k be g(-11). Calculate the highest common divisor of k and 14.
14
Let p be 4 - (0 - 0)/1. Suppose -4*b = -2*b - p. Let v = 6 - b. What is the greatest common divisor of 20 and v?
4
Let b be 9*((-7)/(-3) + (-2 - -3)). Calculate the greatest common factor of 12 and b.
6
Suppose 0 = -3*r + 3*y + 15, 4*r - r - 4*y = 17. Let p be 2/(-1) - (r - 17). What is the highest common divisor of 36 and p?
12
Let l(a) = -8*a - 20. Let f be l(-9). What is the highest common factor of f and 13?
13
Suppose 0 = 3*i - 5*i + 80. Calculate the highest common divisor of 16 and i.
8
Suppose 5*n = n, 3*w - 4*n = -12. Let u be (6/w)/(6/8). Let a be (-3)/((-3)/(-36)*u). What is the highest common factor of 6 and a?
6
Let y be 5/(3 - -2) - -4. Calculate the highest common divisor of y and 45.
5
Let c be 3/24 + (-45)/(-24). What is the greatest common factor of 2 and c?
2
Suppose 7*j - 4*j = 9. Suppose -9 = -j*r - t, -t - 2*t = -r - 7. What is the greatest common divisor of r and 18?
2
Let d(w) = -3*w**3 - w**2 + 3*w + 2. Let x be d(-3). Let o = x - -13. Suppose o = 2*i + i. Calculate the highest common factor of 13 and i.
13
Suppose -3*u - 4 = -3*p + 5, -p = 3*u + 1. Let g = 30 - p. What is the highest common divisor of g and 70?
14
Suppose 0 = p - 32 - 2. Let o(